 13*c + 45. Determine i(10).
-225
Let n(c) = 347*c**2 - 1736*c + 1. Calculate n(5).
-4
Let k(h) = -7*h - 14. Determine k(-6).
28
Let p(j) = j**3 - 35*j**2 - 33*j - 61. What is p(36)?
47
Let d(o) = -951*o - 951. What is d(-1)?
0
Let c(u) = 37*u - 125. What is c(3)?
-14
Let v(n) = n**3 + 11*n**2 - 61*n - 1. Give v(4).
-5
Let n(y) = -y**3 + 15*y**2 - 26*y - 44. Give n(12).
76
Let b(r) = -r**3 + 14*r**2 + r + 24. What is b(14)?
38
Let w(t) = -12*t**2 + 181*t - 61. What is w(15)?
-46
Let m(u) = 17*u + 134. Determine m(-7).
15
Let a(m) = -7*m + 226. Give a(32).
2
Let n(v) = -v**3 - 36*v**2 - 65*v + 138. Calculate n(-34).
36
Let z(h) = 5*h**3 + 168*h**2 + 102*h + 35. Calculate z(-33).
-64
Let m(k) = -3*k**3 + 5*k**2 + 255*k + 185. Determine m(-8).
1
Let n(l) = 167*l - 1076. What is n(8)?
260
Let d(h) = 15*h + 75. Determine d(-18).
-195
Let k(d) = d**2 - 100*d + 1082. Determine k(88).
26
Let g(d) = 10*d**2 + 95*d + 18. Calculate g(-9).
-27
Let t(v) = v**3 + 34*v**2 - 113*v + 70. What is t(-37)?
144
Let b(k) = 14*k + 286. Calculate b(-9).
160
Let u(l) = -l**3 - 114*l**2 - 103*l + 1235. Give u(-113).
105
Let x(q) = q**3 - 6*q**2 - 41*q + 93. Calculate x(10).
83
Let c(p) = p**3 + 60*p**2 + 64*p + 299. What is c(-59)?
4
Let h(j) = 261*j + 4205. Determine h(-16).
29
Let t(b) = -268*b - 1882. Determine t(-7).
-6
Let y(k) = k**2 - 1172*k - 10634. Give y(-9).
-5
Let x(b) = b**2 - 3*b + 141. Calculate x(0).
141
Let t(y) = 1853*y + 2. What is t(0)?
2
Let v(m) = 6*m - 62. What is v(-2)?
-74
Let v(m) = -3*m**2 + 92*m + 58. What is v(32)?
-70
Let y(h) = 2*h + 149. Determine y(20).
189
Let n(k) = 21*k + 357. What is n(-18)?
-21
Let x(a) = 150*a + 126. Determine x(-1).
-24
Let k(b) = 10*b**2 - 630*b - 17. Calculate k(63).
-17
Let c(r) = -48*r - 1247. Calculate c(-26).
1
Let i(g) = -g**3 - 15*g**2 + 689*g - 379. What is i(-35)?
6
Let d(m) = -2*m**2 + 59*m - 290. Give d(21).
67
Let j(w) = -2*w**3 + 91*w**2 - 43*w + 27. Give j(45).
117
Let z(b) = 2*b**2 - 18*b - 133. Determine z(-5).
7
Let z(t) = 5*t**2 + 33*t + 81. Calculate z(-5).
41
Let p(v) = -v**3 - 3*v**2 - 34*v - 195. What is p(-5)?
25
Let d(y) = 83*y + 9619. Give d(-117).
-92
Let o(b) = 5*b**2 - 16*b + 16. What is o(3)?
13
Let n(v) = -v**2 - 10*v - 15. Calculate n(-14).
-71
Let b(t) = t**2 - 38*t - 242. Give b(43).
-27
Let n(x) = 39906*x - 159631. Determine n(4).
-7
Let f(d) = -d**3 - 165. Give f(0).
-165
Let p(z) = -z**2 - 40*z - 312. Give p(-12).
24
Let y(f) = 304*f - 1214. Give y(4).
2
Let i(p) = 21*p**2 - 34*p - 342. Give i(-8).
1274
Let k(x) = -x**3 - 6*x**2 + 34*x - 6. Calculate k(0).
-6
Let o(h) = h**2 + 61*h + 780. Calculate o(-16).
60
Let z(k) = -3*k**3 - 53*k**2 + 15*k - 47. Calculate z(-18).
7
Let j(s) = -2*s**2 - 60*s - 139. Calculate j(-24).
149
Let l(g) = -g**3 + 33*g**2 + 38*g - 94. What is l(34)?
42
Let f(w) = -99*w + 2. Give f(1).
-97
Let z(t) = -t**3 + 59*t**2 - 50*t - 463. Determine z(58).
1
Let r(b) = 729*b - 37196. Give r(51).
-17
Let x(r) = -7*r**2 + 30*r - 273. Give x(11).
-790
Let i(g) = 84*g + 964. What is i(-12)?
-44
Let b(o) = 44*o + 1105. Give b(-28).
-127
Let n(y) = -y**3 + 13*y**2 - 3*y + 31. What is n(13)?
-8
Let v(g) = g**2 + 922*g + 10018. Calculate v(-11).
-3
Let l(a) = -11*a**2 - 266*a - 39. Calculate l(-24).
9
Let h(z) = 58*z - 2631. Give h(48).
153
Let t(z) = 6*z**2 - 32*z + 48. Determine t(8).
176
Let k(h) = h**2 - 91*h - 909. Calculate k(-9).
-9
Let u(m) = 249*m + 762. Give u(-3).
15
Let g(a) = 72*a - 940. Calculate g(13).
-4
Let h(l) = -l**3 - 7*l**2 + 63*l - 36. Determine h(-10).
-366
Let q(c) = -c**3 - 14*c**2 + 179*c + 57. What is q(-22)?
-9
Let g(r) = -r**3 - 16*r**2 - 34*r - 62. What is g(-14)?
22
Let h(o) = -3*o**2 + 16*o - 2. Give h(7).
-37
Let i(m) = 491*m + 40. Calculate i(0).
40
Let m(j) = j**2 + 84*j + 1041. Determine m(-70).
61
Let r(m) = -4*m**2 - 304*m - 2. Give r(-76).
-2
Let v(i) = -16*i**2 + 11*i - 44. What is v(4)?
-256
Let g(o) = -3*o**3 + 231*o**2 + 239*o - 396. What is g(78)?
-6
Let s(w) = 38*w - 3835. Calculate s(95).
-225
Let m(y) = 3*y**3 - 6*y**2 + 8*y - 6. Determine m(2).
10
Let k(s) = -s**3 - 4*s**2 + 10*s - 16. Give k(-7).
61
Let g(u) = -u + 142. Give g(7).
135
Let m(q) = q**3 - 31*q**2 - 15*q + 1018. What is m(30)?
-332
Let s(b) = 95*b + 89. What is s(-1)?
-6
Let f(y) = -13*y**3 + 2*y**2 + 4*y + 40. Give f(-4).
888
Let t(s) = -s**3 + 21*s**2 - 22*s + 64. Calculate t(20).
24
Let n(h) = h**3 + 61*h**2 + 12*h + 557. Determine n(-61).
-175
Let l(a) = 1115*a - 442659. Calculate l(397).
-4
Let o(m) = 2*m**2 - 46*m + 249. Determine o(7).
25
Let y(a) = -a**2 + 135*a - 4160. What is y(87)?
16
Let z(m) = -57*m - 207. Determine z(-4).
21
Let r(b) = 93*b**2 + 2*b + 3. Determine r(2).
379
Let m(g) = -4*g + 34. Give m(-4).
50
Let a(u) = u**3 + u**2 - 96*u + 270. Calculate a(7).
-10
Let u(c) = 5*c**3 - 89*c**2 + 103*c + 663. Determine u(16).
7
Let f(d) = 8*d**2 - 306*d - 233. Determine f(39).
1
Let k(a) = -8*a**2 + 2*a - 7. What is k(-3)?
-85
Let r(h) = -8*h**2 - 44*h - 22. What is r(-3)?
38
Let q(t) = 11*t + 77. What is q(-10)?
-33
Let g(t) = -5*t**2 - 90*t - 91. What is g(-17)?
-6
Let o(b) = -10*b + 632. Give o(-14).
772
Let c(s) = 11*s**2 - 43*s + 38. Determine c(7).
276
Let a(f) = -f**3 - 6*f**2 - 126*f - 754. Give a(-6).
2
Let y(c) = -19*c + 1000. Calculate y(56).
-64
Let f(v) = -355*v - 800. Give f(-2).
-90
Let v(m) = -119*m + 688. Give v(6).
-26
Let a(m) = 246*m**2 + 1971*m + 17. What is a(-8)?
-7
Let v(z) = -z**3 - 22*z**2 + 12*z - 260. Determine v(-23).
-7
Let k(q) = -227*q + 14. Calculate k(0).
14
Let s(z) = -3*z + 68. What is s(22)?
2
Let m(y) = -3*y**3 + 28*y**2 - 3*y - 7. What is m(8)?
225
Let i(l) = -l**3 + 13*l**2 + 22*l - 110. What is i(14)?
2
Let j(q) = 2*q**2 + 104*q + 1261. Calculate j(-19).
7
Let b(t) = -t**3 - 35*t**2 + 74*t - 55. Give b(-37).
-55
Let z(j) = -77*j - 128. What is z(-1)?
-51
Let l(x) = 3*x**3 + 17*x**2 - 3*x - 16. Calculate l(-6).
-34
Let p(l) = -l**2 + 76*l - 343. What is p(72)?
-55
Let k(i) = i**3 + 12*i**2 + 23*i + 465. Calculate k(-13).
-3
Let t(q) = 145*q - 2752. Calculate t(19).
3
Let d(s) = 1021*s + 35662. What is d(-35)?
-73
Let w(p) = -p**3 - 47*p**2 + 54*p + 294. What is w(-48)?
6
Let k(h) = 36*h + 2014. What is k(-61)?
-182
Let b(y) = y**3 - 2*y**2 - 12*y - 1. What is b(-3)?
-10
Let t(z) = 46*z + 1090. Determine t(-22).
78
Let j(h) = -14*h**2 + 758*h - 126. Calculate j(54).
-18
Let p(i) = -2*i**2 - 105*i - 848. What is p(-10)?
2
Let w(k) = k**2 - 178*k + 3015. Determine w(159).
-6
Let l(s) = -3*s**3 + 23*s**2 + 31*s + 15. Calculate l(9).
-30
Let l(g) = 320*g + 1278. Determine l(-4).
-2
Let n(i) = -7*i**2 + 10. Determine n(-6).
-242
Let p(x) = -2*x**2 + 113*x - 1444. Calculate p(37).
-1
Let h(x) = 4280*x + 77044. Calculate h(-18).
4
Let c(w) = 765*w - 3076. Give c(4).
-16
Let h(c) = c**3 + 98*c**2 - 302*c + 154. What is h(-101)?
53
Let s(g) = 53*g + 240. What is s(-4)?
28
Let o(g) = -6*g**3 + 17*g**2 - 16*g - 11. Calculate o(3).
-68
Let i(z) = -z**2 - 153*z + 782. Give i(5).
-8
Let q(t) = 10*t + 19. Give q(-2).
-1
Let n(k) = -142*k + 24987. Calculate n(176).
-5
Let s(u) = 2*u**2 + 10359*u + 20718. Calculate s(-2).
8
Let z(v) = -88*v - 300. Calculate z(-5).
140
Let m(p) = 3*p**2 + 92*p - 201. Determine m(2).
-5
Let i(z) = -z**3 + 25*z**2 + 222*z + 100. What is i(32)?
36
Let i(f) = -f**2 - 7*f + 152. Give i(-17).
-18
Let l(c) = -46*c**3 - 14*c**2 + 23*c - 8. Determine l(1).
-45
Let c(k) = 65*k - 60. Calculate c(-4).
-320
Let m(n) = -729*n - 8. What is m(-1)?
721
Let n(f) = -38*f - 167. Determine n(-5).
23
Let y(n) = 91*n - 2273. What is y(25)?
2
Let h(f) = -f**2 - 90*f - 1135. What is h(-75)?
-10
Let l(z) = z**3 - 38*z**2 + 157*z + 275. Determine l(33).
11
Let x(o) = 53*o**3 - o**2 - 12*o - 13. What is x(-1)?
-55
Let z(p) = 3*p**2 - 167*p + 18. Give z(56).
74
Let r(w) = 2*w**3 + 3*w**2 - 29*w - 65. Determine r(-3).
-5
Let m(l) = 191*l - 770. What is m(4)?
-6
Let m(l) = 29*l**3 - 6697*l**2 - 462*l + 4. What is m(231)?
4
Let g(h) = 137*h**2 - 1369*h - 12. Determine g(10).
-2
Let r(c) = 5284*c - 73967. Determine r(14).
9
Let v(r) = -r**2 - 52*r + 390. What is v(-58)?
42
Let u(j) = 13*j - 260. Determine u(18).
-26
Let f(k) = 12*k**2 - 56*k + 14. Determine f(4).
-18
Let f(r) = r**3 - 5*r**2 - 61*r - 19. What is f(1